*g**2. Let s be n(-6). Let t = 0 - s. List the prime factors of t.
2, 3
Suppose -118 + 458 = 5*c. What are the prime factors of c?
2, 17
Let h be (62/(-6))/(1/(-3)). Suppose 5*i + 36 = 2*t, 0*i - h = -3*t - 4*i. List the prime factors of t.
13
Suppose 3*u + 12 = -0, 2*s + 4*u = 0. Suppose -5*g + 95 = 5*f, f + s*g = 3*g + 23. Suppose 2*j = -j + f. List the prime factors of j.
2, 3
Let u(k) = 4*k**3 + 9*k**2 + 8*k + 16. Let f(g) = -g**3 - 3*g**2 - 3*g - 5. Let v(r) = -7*f(r) - 2*u(r). List the prime factors of v(4).
7
Suppose -6*t + 340 = -t. Suppose -5*n = i - t, 3*i - 7*i = -12. What are the prime factors of n?
13
Let n(d) = d**2 + 5*d - 7. Let h be n(-6). Let c(m) = 5*m**2 + m. Let q(r) = -4*r**2 - r. Let o(w) = 6*c(w) + 5*q(w). List the prime factors of o(h).
3
Let z(p) = p**3 - 14*p**2 + 3*p - 3. List the prime factors of z(14).
3, 13
Let d be (6/(-9))/((-10)/45). Let c be 16/(1*(-1)/(-1)). Let n = c - d. List the prime factors of n.
13
Suppose 13*n - 644 = 227. Let j = -2 - -4. Suppose -5*t - 5*y + y + n = 0, -j*t - y + 25 = 0. What are the prime factors of t?
11
Let z be (-12)/30 + 12/5. List the prime factors of z + (4 - (1 + -45)).
2, 5
Let j be 12/(-15)*(1 + -6). Suppose j*z = -4*t + 36, -8 = -4*t + 3*z - 0. List the prime factors of t.
5
Let v = -17 + 37. Let o = 28 - v. What are the prime factors of o?
2
Suppose 5*v = 3*v + 84. List the prime factors of v.
2, 3, 7
Suppose 2*n + 4*t = 78, -4*n - t + 78 + 64 = 0. List the prime factors of n.
5, 7
Let d be 1*0/(4*-1). List the prime factors of d/(-1) - 21/(-1).
3, 7
Let u(o) = o**2 - o + 107. Let m be u(0). Suppose 0 = 6*b - 19 - m. What are the prime factors of b?
3, 7
Let r(s) = 2*s. Let p be 3 - ((-2)/2 - 0). List the prime factors of r(p).
2
Let o be (7 + 2)*8/(-6). Let f = o + 4. Let y = f + 17. What are the prime factors of y?
3
Suppose 3*c + 48 + 36 = t, 296 = 4*t - 4*c. What are the prime factors of t?
3, 23
Let v(l) = l + 4. Let y be v(0). Suppose 3*k = q + 29, -y*k + 52 = q + q. List the prime factors of k.
11
Suppose -3*f + 5*l + 128 = 0, 4*l + 354 = 5*f + 119. List the prime factors of f.
3, 17
Let r(c) = -21*c**2 - 7*c - 7. Let v(x) = -10*x**2 - 4*x - 4. Let l(o) = -3*r(o) + 5*v(o). What are the prime factors of l(-1)?
13
Suppose -3*y - y - 56 = 0. Let n = 3 - y. List the prime factors of n.
17
Suppose l + 44 = -3*l. Let u be 1*(-18 + 0/(-4)). Let i = l - u. What are the prime factors of i?
7
Let q(h) = -h. Let v(s) = -s**2 - 2*s + 3. Let n be v(-3). Suppose -2*k = -n*m + 2*m + 6, 0 = -5*m - 3*k - 23. List the prime factors of q(m).
7
Let v(p) = 5*p**2. Let q be v(1). Let m(w) = -w**2 + w - 1. Let t(x) = 5*x**2 - 4*x + 7. Let y(r) = -6*m(r) - t(r). List the prime factors of y(q).
2, 7
Suppose -r - 2*r + 18 = 0. Suppose -2 = 2*k - 2*v, -3*k - v = -r*v + 9. Suppose -2*o = -o - k. What are the prime factors of o?
2
Let i be 11*2/(-3) + 18/(-27). Let a(u) be the second derivative of u**5/20 + 3*u**4/4 + 7*u**3/6 + 7*u**2/2 - u. List the prime factors of a(i).
3, 5
Suppose -2*o + 3*q = -11, 0 = 4*o - 4*q - 24 + 4. Suppose -o*n + 80 = -4. List the prime factors of n.
3, 7
Let f = 7 - 3. Suppose -g = 3*b - 3, 3*g - 4 = -f*b - 0. Suppose 3*a - 15 - 18 = g. What are the prime factors of a?
11
Let n(l) = -9*l + 7*l**2 + 10 + 2*l**2 - l**3 + l**2. Suppose 3 = 5*g - 42. List the prime factors of n(g).
2, 5
Let w = 17 + -14. Suppose 8*f - w*f = 135. List the prime factors of f.
3
Let c be -1 + 30 + 1 + -3. Suppose -4*y + 31 = 3*g - 2*g, -c = -g - 3*y. List the prime factors of g.
3, 5
Let p be (2 + -6)/2 + 4. Suppose p*q = 4*q - 16. What are the prime factors of q?
2
Let s be 5/2 + 9/6. Suppose s*w - 412 + 44 = 0. Suppose f + 3*f - 95 = -5*b, -4*f + w = 4*b. List the prime factors of f.
2, 5
Suppose 3*s = 8*s - 145. Suppose -g = -4*n + s, 4*n - 3*g - 44 = -7*g. What are the prime factors of n?
2
Let d = -108 + 162. What are the prime factors of d?
2, 3
Let c be 4 + -1 + -1 + 6. What are the prime factors of 2/c - 22/(-8)?
3
Let y(k) = k**2 - 11*k + 3. Suppose -r = -6*r + 15. Suppose 0 = -f + r*f - 22. What are the prime factors of y(f)?
3
Let k(z) = -7*z - 17. What are the prime factors of k(-9)?
2, 23
Let j(c) = -c**2 + 21*c + 2. Let y be j(10). Let w = y + -80. List the prime factors of w.
2
Suppose 2*r + 3*j = 73, 5*r - 2*j - 2*j = 148. What are the prime factors of r?
2
Let r(o) = 9*o**2 - 2*o - 2. List the prime factors of r(-3).
5, 17
Let s be (3/(-6))/(3/(-36)). Let c be 2/((-2)/s*-2). Let a = 11 - c. What are the prime factors of a?
2
Let s(b) = -b + 17. Let i be s(-10). Let j = i + -23. What are the prime factors of j?
2
Let j(h) = -1 - h**2 + h + 18 - h - h. List the prime factors of j(0).
17
Let u = 570 - 302. List the prime factors of u.
2, 67
Let s(a) = -a**3 - 4*a**2 - 3*a + 2. Let p = -8 - -5. Let v be s(p). Suppose -4*r = -v*r - 22. List the prime factors of r.
11
Suppose -3*p = -8*p - 4*v, -2*p = -4*v. Let o(h) = -h - 2. Let x be o(p). What are the prime factors of (-1 + 2)/(x/(-4))?
2
Let u be (-6)/(0 - 2/(-23)). Let d be 1/(-2) + u/6. Let b = -4 - d. What are the prime factors of b?
2
Suppose -3*z + 8 = 2. Suppose -5*p = 6*c - 2*c - 9, -c - z*p = -3. What are the prime factors of -26*((-3)/(-6) - c)?
13
Let x(n) = -7*n**2 + 11 + 8*n**2 - 10*n + 1. Let w = -8 + 17. List the prime factors of x(w).
3
Let w(c) = 7*c**2 - c - 1. What are the prime factors of w(-3)?
5, 13
Suppose -3*r = -6*r + 9. Suppose r*g - 8 = g. List the prime factors of (-16)/(-10)*30/g.
2, 3
Suppose -5*t = 4*f - 206, -2*f = -t - 6*f + 38. What are the prime factors of t?
2, 3, 7
Let n(l) = 7*l**2 + 6*l - 7. List the prime factors of n(3).
2, 37
Suppose -605 = -5*z - 3*a, -3*a + 51 = z - 58. List the prime factors of z.
2, 31
Let u(z) = 3*z - 4. Let a(t) = 10*t**2 - 18*t + 9. Let v(n) = 7*n**2 - 12*n + 6. Let h(x) = -5*a(x) + 7*v(x). Let g be h(4). List the prime factors of u(g).
11
Let v be (36/(-15))/((-6)/(-45)). List the prime factors of v/7*(1 + -8).
2, 3
Suppose -3*g = 5*q + 14, 2*g + 2*q = -2*g. Suppose 5*w = 2*p + 54, w + g*w - 3*p = 27. List the prime factors of w.
2, 3
Suppose 2*h + 2*p - 9 = -1, 2*h - 10 = -p. List the prime factors of 6*(27/h + -1).
3, 7
Let m(s) = -s**2 - 7*s + 8. Let u be -12*(-2)/(-12)*4. Let g be m(u). Suppose g*a - 4*a + 44 = 0. List the prime factors of a.
11
Let s(d) = -16*d + 2. Let o be s(2). List the prime factors of 58/15 + (-4)/o.
2
Suppose -4*b - 6 + 17 = -w, -3*b + 3*w + 15 = 0. Suppose 0*h + h + 25 = b*n, 2*n = -5*h - 5. List the prime factors of n.
2, 5
Let v be -2 - -1 - (0 + -3). Suppose -k = -v - 0. Suppose -k*w + 2*a + 36 = -0*a, -a + 1 = 0. List the prime factors of w.
19
List the prime factors of 53 + (17/(-5) - 2/(-5)).
2, 5
Let u = -10 + 17. Let m(k) = -k**3 + 8*k**2 - 5*k - 2. What are the prime factors of m(u)?
2, 3
Let t be 699/12 + (-2)/8. Suppose 3*y = -19 + 97. Suppose 3*u + y = d, 5*u + t = 6*d - 3*d. List the prime factors of d.
11
Let q be (1/3)/(7/315). What are the prime factors of 222/q + 1/5?
3, 5
Suppose 0 = 2*d - 7*d + 75. Suppose 3 = 2*s + 5*k, 2*s = -k - 0*k + d. List the prime factors of s.
3
Let w(y) = y**2 + 5*y - 4. Suppose -i = -0*i + 9. Let c be w(i). Suppose -6*k + c = -2*k. List the prime factors of k.
2
Let h = 3 + 16. List the prime factors of h.
19
Let s = -11 - -7. Let h = s + 7. Suppose -h*n + 9 = 3. List the prime factors of n.
2
List the prime factors of (1/(-3))/((-4)/156).
13
Let s = -4 + 4. Suppose -b + 4 = -s*b. What are the prime factors of b?
2
Suppose -2*l + 24 + 6 = 0. List the prime factors of l.
3, 5
What are the prime factors of ((-6)/7)/((-20)/3220)?
2, 3, 23
Let h = -3 + 5. Let g be (-2)/h*(12 + -5). Let u(n) = -n**3 - 7*n**2 - 4*n - 8. List the prime factors of u(g).
2, 5
Let c be 4/(-3)*(-6)/4. Let o be ((-3)/(-9)*0)/c. Suppose -5*u - 15 = o, -s + 24 = 2*s + 4*u. List the prime factors of s.
2, 3
Let k(v) = v**3 + 15*v**2 + 9*v + 28. List the prime factors of k(-14).
2, 7
Let s(l) = 6*l. List the prime factors of s(2).
2, 3
Let b(m) = -3*m - 6. Let w be 2/(-5) - 122/(-5). Suppose 3*u + r = 3*r - 13, 4*u - r + w = 0. List the prime factors of b(u).
3, 5
Let u(w) = -3*w**2 + 4 + 4*w**2 + 1. What are the prime factors of u(0)?
5
What are the prime factors of (-2 + 5)*8/12 - -241?
3
Let d be -1 + (-1 -